68/21 - 1/7. Suppose 5*f - b = 5*y, 3*y + 0*f - 2*f + 104 = 0. Let n = 73 + y. What are the prime factors of n?
5, 7
Let j = 1316 + -636. List the prime factors of j.
2, 5, 17
Let t(j) = j**3 - 12*j**2 + 3*j - 17. Let i be t(12). Suppose 2*a - 109 = -i. What are the prime factors of a?
3, 5
Let q(d) = -d**3 + 6*d**2 - 6*d + 9. Let o be q(5). Suppose -o*m + 5*n + 251 = 0, -m + 65 = -0*m + n. Let r = m - 29. List the prime factors of r.
5, 7
Let i = 98 + -57. Suppose -4*h - 5*l = -h - 127, -h + i = 3*l. List the prime factors of h.
2, 11
Let f = -278 + 738. List the prime factors of f.
2, 5, 23
Let w(x) = 1924*x**2 - 27*x + 28. List the prime factors of w(1).
5, 7, 11
Suppose -m + 2*m + 34 = 0. Let o = -24 - m. List the prime factors of o.
2, 5
Suppose 500 = -5*x + 2*j, 0 = -j - j. Let u = x - -119. What are the prime factors of u?
19
Suppose 0*n - 11 = -4*g - 3*n, 4*g + 5*n - 5 = 0. Suppose -4*w + g*w = 5*l - 3, 5 = 4*w - 3*l. Suppose 3 = w*x - 27. List the prime factors of x.
3, 5
Suppose 4*f = 7 + 5. Suppose 2*z + f*z - 90 = 0. Let v = -10 + z. What are the prime factors of v?
2
Suppose 0 = 2*g - 7*g + 210. Let z = 21 + g. List the prime factors of z.
3, 7
List the prime factors of 382/(247/39 + -6).
2, 3, 191
Suppose -4*n + 4*s + 7232 = 0, 0 = 5*s - 50 + 40. What are the prime factors of n?
2, 5, 181
Let j = -14 - -24. Suppose -5*l + j*l = 25. Let v = 18 - l. List the prime factors of v.
13
Let r be (-144)/120 - (-8)/(-10). List the prime factors of r/(-1)*-1 - -20.
2, 3
Let g = -18 + 18. Suppose g = -3*q - q + 104. Suppose 0 = -t + 7 + q. What are the prime factors of t?
3, 11
Suppose -4*u + 0 + 8 = 0. Suppose 3*r + 3*f = 9, 0 = -u*r - 3*f + 4*f + 6. Suppose 0 = -4*k + 47 - r. List the prime factors of k.
11
Let f(w) = 45*w**2 + 35*w + 175. What are the prime factors of f(-6)?
5, 317
Suppose 0 = -4*r + 10*r - 2670. List the prime factors of r.
5, 89
Suppose 0 = -5*h + h + 180. Suppose 6*d + 2*m = 3*d + 7, 3*m - 9 = -4*d. Suppose -2*p - d*q + 0*q = -20, -3*q - h = -3*p. List the prime factors of p.
13
Suppose -3*d = -12 - 6. What are the prime factors of d/(-24) - 322/(-8)?
2, 5
Let l(t) = -13*t - 14*t - 7*t - 17. List the prime factors of l(-6).
11, 17
Let i(h) = 2*h**2 + 19*h + 198. What are the prime factors of i(-15)?
3, 11
Let t(i) = 16*i - 22. Let b be t(7). Let w = -45 + b. What are the prime factors of w?
3, 5
Suppose 0 = b - 9 + 6. Suppose -2*q + 9 + 3 = -3*l, -4*q - b*l = 12. Suppose -5*n = q, n - 320 = 2*s - 6*s. List the prime factors of s.
2, 5
Let r(l) = -10*l + 2153. List the prime factors of r(0).
2153
Let s(n) = 2*n**2 + 11*n - 8. Let t be s(-6). What are the prime factors of 117 + t - 3*5/5?
2, 7
Let t = -1295 - -1888. What are the prime factors of t?
593
Let z(x) = -9*x + 6. Let y = -6 + 3. Let j be z(y). What are the prime factors of j - 4/8*6?
2, 3, 5
Let w(i) = -53*i**3 - 9*i**2 - 7*i - 2. List the prime factors of w(-3).
37
Let u(y) = y**2 + 18*y - 510. What are the prime factors of u(-68)?
2, 5, 17
Let t(d) = 103*d**2 + d - 2. Suppose -q - 5*p + 12 = -4*q, 0 = -4*p + 12. What are the prime factors of t(q)?
2, 3, 17
Let q = 64 + -37. Suppose 2*b - q = 173. Suppose -b + 38 = -2*c. List the prime factors of c.
31
Suppose 6*z - 13188 = -72. List the prime factors of z.
2, 1093
Let g be -3 + 1/(-3)*-9. Suppose -2*f + 174 = -g*f. Let h = f - 38. List the prime factors of h.
7
Let g be (-3 + 2)*4 - -3. List the prime factors of ((-215)/(-5))/(-1)*g.
43
Suppose -2*v = -3*v + 3, -s = -5*v - 1206. Suppose -16*w + s = -363. List the prime factors of w.
3, 11
What are the prime factors of (-3324)/9*30/(-20)?
2, 277
Suppose 5*o - 8 - 12 = 0. Suppose -w - 2*k + 31 = 0, o*k = -2*w - 3*w + 161. List the prime factors of w.
3, 11
Suppose 0 = 3*n + 3*f - 21, -4*n + 17 = f - 5. Let k(q) = -q**3 - 4*q**2 - q - 13. Let c be k(-5). Let o = n + c. What are the prime factors of o?
2, 11
Let o(q) = q**3 + 11*q**2 + q + 14. Let j be o(-11). Suppose j*v + 11 = f, 3*f = -0*f + 3*v + 21. Suppose 17 + 88 = f*w. What are the prime factors of w?
3, 7
Let s(t) = t**3 - 1. Let j(g) = 4*g**3 + 10*g**2 + g - 6. Let c(x) = -j(x) + 5*s(x). Let d be c(10). Let p(b) = -2*b + 7. List the prime factors of p(d).
5
Suppose -14 = 3*s - 8. What are the prime factors of 3536/39 - s/6?
7, 13
Let v(r) be the first derivative of 2*r**3/3 + 7*r**2 + 5*r - 367. Let l be (-70)/8 + (-2)/8. List the prime factors of v(l).
41
Let p(d) = 2*d**2. Let l(v) = v**2 + 3*v + 1. Let a be l(-3). Let k be p(a). Suppose 0*t - k*t = -g - 40, -3*t + 69 = 3*g. List the prime factors of t.
3, 7
Suppose -3*c = -6*b + b - 66, -c - 2*b = -33. List the prime factors of c.
3
Let f(q) = 72*q - 11. Let a(r) = -r**2 - 9*r + 2. Let s be a(-9). List the prime factors of f(s).
7, 19
Suppose k = 5*k - 3*s - 2877, 3*k - 4*s = 2149. Suppose 10*h - 1647 = k. What are the prime factors of h?
3, 79
Let d(p) = -2698*p**3 + 4*p**2 + 2*p - 2. What are the prime factors of d(-1)?
2, 19, 71
Let x be ((-5)/10)/((-2)/(-8)). Let p(g) = 1 - g - 1 + 5*g**2. List the prime factors of p(x).
2, 11
Suppose 2947 - 14607 = -11*m. List the prime factors of m.
2, 5, 53
Suppose 58*d = -42089 + 235461. What are the prime factors of d?
2, 1667
Suppose i = 2, 22*o - 8116 = 18*o + 2*i. What are the prime factors of o?
2, 5, 7, 29
Let b = -28 + 16. Let l(r) = -r**2 - 14*r + 10. What are the prime factors of l(b)?
2, 17
Let d = -614 + 974. Suppose -3*p = -d - 147. What are the prime factors of p?
13
Suppose 9 = 3*t - 12. Let v = 43 + t. What are the prime factors of v?
2, 5
Let g(a) = 2*a**3 - 16*a**2 + 22*a - 116. List the prime factors of g(14).
2, 3, 53
Let p be -1 + (-2 + 1)*2. Let o(c) = -c**3 + 8*c**2 - 6*c + 9. Let z be o(7). Let j = p + z. List the prime factors of j.
13
What are the prime factors of 57/(-133) - 5718/(-14)?
2, 3, 17
Let c be (-12)/10*15/(-6). Suppose k - 2 = g, -5*g = -c*k - k + 3. Suppose -5*z + 125 = x - 4*x, z + 3*x = k. What are the prime factors of z?
2, 11
Let h = 851 - -558. What are the prime factors of h?
1409
Let q(p) = -p**3 + 2*p - 9. Let b be q(0). Let z = b + 8. What are the prime factors of z*((-40)/2 + -1)?
3, 7
Suppose 5*q = -4*o + 10756, o = 3*q - 2*o - 6459. List the prime factors of q.
2, 269
Let g(z) = -2*z**3 - 2 + 2*z - 2*z - 9*z**2 + 6*z**2 - z. What are the prime factors of g(-3)?
2, 7
Suppose -4*i - i = 3*w - 7, 0 = 2*w + i. What are the prime factors of (0 + w)/((-2)/94)?
47
Let t(c) = -c**3 + 46*c**2 + 24*c - 32. List the prime factors of t(46).
2, 67
Suppose -2 = -2*h, 0 = c + 5*h - 10 - 27. Suppose -2*j = -40 + c. List the prime factors of j.
2
Let j be (-100)/(-45) + 1 - 6/27. Suppose -j*r = -2*n + 470, 4*n = 3*r + 532 + 408. List the prime factors of n.
5, 47
Let s be (-4)/((-16)/(-4))*1*-154. Suppose -4*x = 2*g - 88, 3*g - x - 4*x - s = 0. What are the prime factors of g?
2, 3
Suppose -r - 19 = -4*r + 2*u, 3*r = u + 17. Suppose 2*j + 969 = 6*j + d, 1200 = r*j - d. What are the prime factors of j?
241
Let j(v) = 4*v - 17. Let h be j(6). Suppose 1597 = h*s + 498. What are the prime factors of s?
157
Let v(n) = 554*n - 73. List the prime factors of v(1).
13, 37
Suppose l - 3 + 0 = 0. Suppose -l*z + 4 = -2. Suppose -15 = -n - 2*d - 0, 4*n = z*d + 110. What are the prime factors of n?
5
What are the prime factors of (-17 + 169)*14 - 1*5?
11, 193
Let n = 141 + 345. List the prime factors of n.
2, 3
List the prime factors of (-11*30)/(-1 - (-49)/70).
2, 5, 11
Suppose -5*t = l - 5*l - 271, l = -4. Suppose -66 = 3*q + 27. Let a = t + q. List the prime factors of a.
2, 5
Let d(j) = -3*j - 11. Let k be d(-5). Suppose -k = -a - 7. Let x(q) = -3*q - 4. What are the prime factors of x(a)?
5
Let z(u) = -210*u**3 - u**2 - u. Let k be z(-1). Let g = -109 + k. What are the prime factors of g?
101
Suppose 2*h - 7418 = 4*t, -23*h = -24*h + t + 3713. What are the prime factors of h?
3, 7, 59
Suppose 0 = -4*v - 10*a + 5*a - 59, -2*a = -v - 5. List the prime factors of (-1)/2*1672/v.
2, 19
Suppose -11020 = -30*b + 118490. What are the prime factors of b?
3, 1439
Let j(v) = 94*v - 2. Let z(d) = d. Let x be z(2). What are the prime factors of j(x)?
2, 3, 31
Let i(v) = -6*v - 48. List the prime factors of i(-27).
2, 3, 19
Let o = -24 - -23. List the prime factors of (2 + o/(-2))*(10 - 0).
5
S